(f).
0
Let d be (9/24)/((-1)/(-4)). Let h(q) be the second derivative of 0 - 1/12*q**4 + 2*q + d*q**2 - 5/6*q**3. What is h(-4)?
7
Let y(u) be the third derivative of -1/8*u**4 - 2*u**2 + 0*u - 1/2*u**3 + 0 - 1/60*u**5. Determine y(-2).
-1
Suppose -10 = 5*z - 7*z. Let f be -2*(-2 + z - 2). Let l(j) = -5*j + 1. Calculate l(f).
11
Let v(m) = -20*m + 4*m + 10*m + 7*m. What is v(1)?
1
Let d(n) be the second derivative of n**4/12 + 2*n**3/3 - 5*n**2/2 + 6*n. Determine d(-6).
7
Let l(s) = 24 - 23 + s - 12. Determine l(5).
-6
Let r(v) = -2 + 3*v + 0*v - 5*v. Suppose -3*q + h = -4*h - 6, 3*h = 5*q - 10. Give r(q).
-6
Let v(c) = 2*c**2 + 15*c + 1. Let q(l) = l**2 + 8*l. Let y(r) = -5*q(r) + 3*v(r). What is y(-4)?
-1
Let o(u) be the second derivative of -1/60*u**6 - 1/15*u**5 - 1/8*u**4 + 0 + 3/2*u**2 - 2*u + 0*u**3. Let m(x) be the first derivative of o(x). What is m(-2)?
6
Let i be 2*(18/4)/(-3). Let j(r) = 3*r**2 + 4*r. Let x(c) = -c**2 - c. Let m(u) = 3*j(u) + 8*x(u). Calculate m(i).
-3
Let g(a) = -a**2 - 1. Suppose 0 = 3*k + 2*q + 9, 2*q + 3*q = 0. Let t = k - -4. Determine g(t).
-2
Let j = 14 - 10. Suppose 3*u - 8 - j = 0. Let q(h) = h**2 - 3*h. Calculate q(u).
4
Let l(t) = -2*t + t + 3*t - 2 + 2*t**2 - t**3. Let q be l(2). Let g(k) = 8*k + 4. Let n(i) = i + 1. Let c(f) = g(f) - 4*n(f). Determine c(q).
8
Let p(r) = -r - 3. Let y be p(-5). Let x(n) = -1 + n**2 + 10*n**2 - 4*n**y. Determine x(-1).
6
Let p(h) be the second derivative of -h**3/3 + h**2 - 2*h. Let n(i) = -i**3 - 4*i**2 + 4*i + 1. Let c be n(-5). Give p(c).
-10
Let f(p) = p - 2. Let k be (-5)/1 - (-8 - -5). What is f(k)?
-4
Let k(x) be the second derivative of x**7/840 + x**6/120 + x**5/120 + x**4/24 - x**3/6 + 3*x. Let j(v) be the second derivative of k(v). Determine j(-3).
-2
Let b(l) = -l**2 - l + 3. Let r = 86 - 83. Determine b(r).
-9
Let h(l) = -l + 4 - 1 - 3 + 1. Calculate h(-3).
4
Let u(c) = -c**2 + 3*c + 3. Let i be u(-1). Let k(s) = -3*s**2 - 2*s - 1. What is k(i)?
-2
Let w(l) be the third derivative of 7/6*l**3 + 0*l + 0*l**5 + 1/24*l**4 + 0 - l**2 - 1/120*l**6. Let p(o) = -2*o + 6. Let q be p(3). Give w(q).
7
Let d(k) be the first derivative of -5*k**4/6 - k**3/6 - k**2/2 + k - 1. Let b(h) be the first derivative of d(h). Give b(-1).
-10
Let v = 44 - 40. Let h(s) = 2*s**2 - 5*s + 1. Determine h(v).
13
Let n be (-4)/(40/3) - (-486)/(-180). Let x = 0 - -2. Let v(j) = 2 - 2*j + 2 - j**x + 0. What is v(n)?
1
Let k(u) = u**2 + 4*u. Let q(c) = 5*c + 1 + 10 - 3*c. Let v be q(-7). What is k(v)?
-3
Suppose 1 + 5 = d. Suppose 4*m - c = 2, -5*m + 8 = c - 5*c. Let s(y) = -2 - y + 2*y + m - 6. What is s(d)?
-2
Suppose -5*y - 20 = -0*y. Let c be 32/18 - (-20)/90. Let f(u) = 15*u + c + 11*u - 24*u. What is f(y)?
-6
Let l(q) = -2*q. Let a be l(-4). Suppose a + 1 = 3*g. Let m(w) be the first derivative of w**2/2 - 2*w - 1. What is m(g)?
1
Let u be 5/(-20)*-4*5. Let m(p) = -p**3 + 6*p**2 - 7*p + 4. Give m(u).
-6
Let m(t) be the third derivative of t**6/120 - t**5/30 - 5*t**4/24 + 2*t**2. Let y be m(4). Let o be 3/y - 6/(-8). Let s(f) = 6*f - 1. Give s(o).
5
Let s be (0 - -2) + 9/3. Let i(y) = y**3 - 4*y**2 + y - 7. Let q(n) = -2*n**3 + 8*n**2 - n + 14. Let d(t) = 11*i(t) + 6*q(t). What is d(s)?
7
Suppose v + v = 2. Let f(m) = 5*m**2 + 3*m - 1. Let j(w) = 21*w**2 + 13*w - 4. Let z(t) = 9*f(t) - 2*j(t). Give z(v).
3
Let x be (-5 + 2)*16/(-12). Let v(g) = -4*g + 4 + x*g - 4*g. Suppose -3*c + 10 = -o, 0 = c - 5*o - 8. Give v(c).
-8
Suppose -4*t + 3*t - 31 = -l, 0 = 2*t + 10. Let f = 24 - l. Let h(d) be the first derivative of -d**4/4 - d**3/3 + 3*d**2/2 + 3*d + 1. Determine h(f).
1
Let n(i) = i - 3. Let v be n(-5). Let w(j) = 7*j**2 - 15*j + 7. Let q(t) = 11*t**2 - 23*t + 10. Let m(y) = v*w(y) + 5*q(y). Give m(4).
-2
Let t be 0*1/(-2)*1. Let q(y) = -4*y + 3 + 0*y + t. Let u = -2 + 4. What is q(u)?
-5
Let h(t) = 3*t - 1. Let m(a) = 2*a. Let n(g) = 4*h(g) - 7*m(g). Give n(-6).
8
Let d = 4 - 9. Let g(x) = x**3 + 6*x**2 + 6*x - 4. Calculate g(d).
-9
Let x(s) = -4*s**3 + 2*s**2 - 9*s - 4. Let v(d) = 5*d**3 - 3*d**2 + 10*d + 5. Let f(h) = -5*v(h) - 6*x(h). Let j(n) = 3*n - 18. Let z be j(7). What is f(z)?
11
Let v = 14 - 10. Let i(z) = -z**3 + 4*z**2 - 3*z - 3. Let b(s) = -s**2 - s. Let q(h) = b(h) - i(h). Calculate q(v).
-5
Let f(j) be the second derivative of -3/2*j**2 - 1/6*j**3 + 0 - 3*j. Give f(3).
-6
Let x(o) be the first derivative of 3*o**2/2 + 1. Let v(j) = -j**2 + 11*j + 16. Let c be v(12). Give x(c).
12
Let d(j) be the first derivative of j**4/4 + 5*j**3/3 - j**2 - j - 2. Determine d(-5).
9
Let h(f) = f**3 + 1. Let r(n) = 7*n**3 - 3*n**2 - 2*n + 8. Suppose 0 = b + 8 - 2. Let c(y) = b*h(y) + r(y). Give c(3).
-4
Suppose 3*s - s = 0. Let x(q) = -4*q - 12. Let d(a) = -3 + 2 + 14 + 5*a. Let k(m) = -5*d(m) - 6*x(m). Give k(s).
7
Let j(k) = -k + 1. Let l(c) = -c**3 + 4*c**2 - 3*c - 1. Let b(w) = -j(w) + l(w). Let t(y) = -y**2 - 3*y + 3. Let v be t(-4). Let h = 3 - v. What is b(h)?
-10
Let o be 0 + 2 + -2 + 2. Let n(r) = 5*r**o - 1 + r**3 + 6*r - 12*r + 0*r**3. Give n(-6).
-1
Let b(a) = -2*a + 1. Suppose 0 = -4*h - 4 + 36. Let z = 12 + -8. Let n = h - z. Determine b(n).
-7
Suppose 0 = 5*j + 349 - 374. Let l(s) = 1 - s**2 - 1 + 6*s + 5. Give l(j).
10
Let r(q) be the second derivative of 11*q**4/12 - 2*q**3/3 - 2*q**2 - q. Let l(n) = 12*n**2 - 5*n - 5. Let m(h) = -4*l(h) + 5*r(h). Determine m(1).
7
Let s = 34 + -8. Let i be (-3)/9 + s/6. Let y = 0 - i. Let g(c) = -c**2 - 4*c - 5. Determine g(y).
-5
Let f(c) = 4*c - 6 + 0 - 3*c. Let m be f(5). Let q(h) = 4*h + 1. Calculate q(m).
-3
Let j(y) be the first derivative of y**3/3 - 2*y**2 + 4*y - 8. Determine j(3).
1
Let u(g) = -7*g**2 - g**3 + 7*g**2 - 7*g**2 - 6 - 8*g. Determine u(-6).
6
Let h(n) = -n + 1. Let s be h(2). Let w(t) = -2*t + 1. Calculate w(s).
3
Let b(v) = -2*v - 6. Suppose w + 5*l = 4*l - 1, 0 = -w + 3*l - 13. Give b(w).
2
Let w(l) = -l**2 - 4*l - 5. Suppose 4 + 14 = 2*y. Let u be (y - 11) + (0 - 2). Give w(u).
-5
Let p = 1 + -1. Suppose p = -i - i. Let u(q) be the first derivative of -q**4/4 + q**3/3 - q**2/2 + 6*q - 1. Give u(i).
6
Let a(v) = -v**3 + 9*v**2 + 4. Let z be a(9). Let l(h) = 2*h + 1. Determine l(z).
9
Let t(f) = 10 - 4*f - f**2 + f + 2*f. Let a(c) = -2*c - 3*c**2 + 5*c**2 + 1 - 2*c**2 + c**3. Let k be a(1). Determine t(k).
10
Let k(s) = -s**3 - 2*s**2 - 5*s - 3. Let o be k(-3). Suppose z = -2*z + o. Let q(j) = -j + z + 10 - 7. Determine q(5).
5
Let l(p) = 9 - 8 + 2*p**2 - 2. Let n(g) = g**3 - 4*g**2 - g + 3. Let r be n(4). Give l(r).
1
Let k(m) = -10*m**2 - 4*m. Let h be -4 - 1/(-1)*1. Let f(r) = -r**2 - r. Let z(y) = h*f(y) + k(y). Calculate z(-1).
-6
Let j(c) = -3*c + 5. Suppose v - 2*v = -4*p + 11, 3*v = 2*p - 3. Let s(f) = -f. Let y(w) = v*j(w) - 4*s(w). Give y(0).
5
Let f(z) = 2*z - 3*z - 3 + 2*z. Determine f(-6).
-9
Let a(x) = -x**3 + 4*x**2 - 2*x. Suppose -1 = k + 3. Let z = 0 - k. Calculate a(z).
-8
Let k(p) be the third derivative of 1/24*p**4 + 0 - 3*p**2 - 1/60*p**5 - 5/3*p**3 + 0*p. Let h be (-2)/(-7) - 2/7. Determine k(h).
-10
Let h = -10 + 12. Let t(y) = h + 4 + 0 + 2*y - 4. Give t(5).
12
Suppose 0 = 5*b + 10 + 10. Let g(a) = -4*a**2 + 2 + 2*a + 45*a**3 - 46*a**3 + 0*a. Give g(b).
-6
Let n(z) = z**2 + 2*z + 1. Let l be n(-1). Suppose 0 = -t - l*t - 3. Let v(x) = 2*x + 4. What is v(t)?
-2
Let w(f) = -2*f**2 + 19 + f + 3*f**2 - 36 + 19. Let z be 3 + -1 + -3 + -1. Give w(z).
4
Let x(t) = -6 + 1 + 1 - t. Let g be ((-3)/9)/(1/12). Determine x(g).
0
Let c(r) = -2*r**3 - 10*r**2 + 10*r. Let y(g) = -3*g**3 - 10*g**2 + 10*g + 1. Let q(p) = -4*c(p) + 3*y(p). Suppose -b - 3*b + 36 = 0. Determine q(b).
-6
Let t be 24/(-11) + 0 - (-2)/11. Let j(q) be the first derivative of q**2 + 2*q - 2. What is j(t)?
-2
Let q(w) be the third derivative of w**6/120 - w**5/15 - w**4/6 + w**3 + w**2. Determine q(5).
11
Suppose -5 = -2*o - d, -3*o = -o - 4*d. Let y(u) be the second derivative of 1/6*u**3 + o*u**2 + 0 - 2*u. Give y(-2).
2
Suppose -5*x + 16 = -3*m - 18, -2*m + 14 = 4*x. Let h(y) = -y - 2. What is h(m)?
1
Suppose -2*z - 2 = 10. Let b = z + 7. Let h(y) = 21*y - 2. Let n(x) = 10*x - 1. Let u(g) = 3*h(g) - 7*n(g). Calculate u(b).
-6
Let o be 1/(-1 + 16/14). Suppose o*d = 2*d + 45. Suppose 0*f = 3*f - d. Let i(l) = l**3 - 3*l**2 